0 = -g + v - 0. Determine q(g).
-9
Let f(w) = -w**2 - w + 1. Let o(v) = -v + 8. Let u be -1*(-4)/14*7. Suppose 5 = u*c - 9. Let s be o(c). What is f(s)?
-1
Let h(p) be the third derivative of -p**6/120 - p**5/6 + p**4/6 + 17*p**3/3 - 610*p**2. Give h(-10).
-6
Let q(f) = 8*f - 3. Suppose -5*d - 2*p - 20 = p, 2*p - 4 = d. Let n(h) = 7*h - 2. Let i(x) = d*n(x) + 3*q(x). Calculate i(-2).
7
Suppose -2*q - 3*f - 26 = 0, -q = -0*f - f + 3. Let t(w) = 6*w. Let p(u) = -37*u - 8. Let z(k) = -p(k) - 6*t(k). Calculate z(q).
1
Let l(o) = 3*o - 2. Suppose 724 - 718 = c. What is l(c)?
16
Let c = 18 - 13. Suppose -l + 0*l + 17 = 4*n, 34 = -3*l + c*n. Let v(s) = 36*s - 38*s + 0 - 3. Calculate v(l).
3
Let r(t) be the third derivative of -t**4/24 + t**3/6 + 154*t**2. Determine r(4).
-3
Let q be (12/(-7))/((-52)/(-14) + -4). Suppose -4*f + 6 = -q*f. Let g(d) = 2*d - 4. Give g(f).
-10
Let h(w) = w**2 - w + 5. Let u = -395 - -391. Calculate h(u).
25
Let t be (4/(-6))/(6/(-9)). Suppose -o + t = 11. Let q be 2/o - (-92)/10. Let l(z) = z**2 - 9*z. What is l(q)?
0
Suppose 2*o - 35 = 5*w, -4*w + 0*o - 5 = 3*o. Let q(f) = -2 - 2*f + 3*f + 2*f + f. Let p(y) = -3*y + 1. Let j(d) = 3*p(d) + 2*q(d). Calculate j(w).
4
Let k(f) = -11*f**2 + f + 1. Suppose -10*i - 148 + 158 = 0. Determine k(i).
-9
Let f(p) = p - 4. Let g(t) = -t**2 - 9*t + 8. Let y = -3 - 5. Let b be g(y). Suppose -6*c + b = -2*c. What is f(c)?
0
Let u(n) = n + 8. Suppose 5*y - 3*a + 13 + 24 = 0, -4*a = -y - 21. Calculate u(y).
3
Let x = 126 - 124. Let u(k) = k**3 - k**2 - k - 1. Determine u(x).
1
Let r(z) = z + 6. Suppose -42 = 6*j + j. Calculate r(j).
0
Let q(g) = g - 6. Let l(b) = -b - 1. Let v(w) = 2*l(w) - q(w). Let a(u) = u**3 + 13*u**2 - 15*u - 10. Let z be a(-14). What is v(z)?
-8
Let v(u) = u**2 + 11*u - 64. Let g be v(-15). Let z(d) = -3*d - 7. Let f(b) = -3*b - 6. Let m(x) = -4*f(x) + 3*z(x). Give m(g).
-9
Let z(x) = -102*x - 96. Let j be z(-1). Let o(p) = p**2 - 7*p. Calculate o(j).
-6
Suppose 3*v = 2*v + 4, 3*m - v = 2. Let o(l) be the first derivative of -l**m + 144*l + 5 - 144*l. What is o(6)?
-12
Let i(y) be the third derivative of y**4/6 + 7*y**3/3 + 307*y**2. Calculate i(-11).
-30
Suppose -5 = y + 5*i, 0*y + 3*y - 4*i = 4. Suppose -n = -0*c + 5*c - 27, -4*n + 4*c - 12 = y. Let a(h) = h + 3 + 1 - 5 + n. Determine a(-1).
0
Let r = 841 + -838. Let u(k) = -3*k + 2. Let b(c) = 7*c - 5. Let p(q) = -6*b(q) - 13*u(q). Calculate p(r).
-5
Let i(q) = q**3 + 13*q**2 - 15*q - 12. Let v be i(-14). Let s(o) = -v - 5 + 52*o - 100*o + 50*o. Calculate s(7).
7
Let w(v) = -6*v + 40. Suppose 5*m + 4*i - 52 = 0, m - 2*i + 4 = 6. Determine w(m).
-8
Let k = 21 + -18. Let l(f) = 4*f**2 - f**3 + 3*f - 189 - f + 185. Determine l(k).
11
Let z = -1 + -6. Let o(a) = 0 - 2 - 156322*a + 156323*a. Calculate o(z).
-9
Let t(g) = -15*g - 1. Let w be ((-2)/4)/((-81)/162). Calculate t(w).
-16
Suppose r - 4*x + 1 = -2, 6 = -2*r - 4*x. Let b(p) = 9*p + 3. Let v(q) = -6 + q - 2*q - 11*q - 7*q. Let g(y) = -9*b(y) - 4*v(y). Determine g(r).
12
Suppose 0*f + 5*f - 20 = 0. Suppose -5*u = -3*w + 3, -f*u + 5*w - 4 = 3*w. Let s(q) = q**3 + 3*q**2 - 2*q - 3. What is s(u)?
3
Suppose -12 + 3 = -3*y. Let z(m) = 493*m - 3 - 491*m + 2*m**2 - m**3 + 6. What is z(y)?
0
Let u(k) = 4*k + 8. Let q(o) = o + 1. Let x(z) = -6*q(z) + u(z). Let w = 211 - 295. Let t be (-7)/(w/(-32))*(-9)/6. What is x(t)?
-6
Let s(t) = -15*t**3 - 6*t**2 - 11*t + 9. Let h(o) = 8*o**3 + 3*o**2 + 6*o - 5. Let b(g) = -7*h(g) - 4*s(g). Determine b(-2).
-25
Let z(o) = 31*o - 11 - 34*o + 1. Let u(c) = -3*c - 11. Let w(d) = 2*u(d) - 3*z(d). Let i(f) = 2*f + 2. Let k be i(-4). Give w(k).
-10
Let u(s) = 11 - 79*s + 78*s - 4. Let g(d) = -2*d + 13. Let t(h) = 6*g(h) - 11*u(h). Calculate t(-5).
6
Let r = -15 + 8. Let t(x) = -x**2 + 2. Let q(k) = -6*k. Let z(l) = l. Let w(o) = -q(o) - 5*z(o). Let c(a) = -t(a) + 6*w(a). Give c(r).
5
Let y(x) be the third derivative of -x**6/120 + x**5/6 - 2*x**4/3 - x**3/6 - x**2 + 112*x. Determine y(8).
-1
Suppose 106*o = 74*o. Let i(t) = t**3 - 2*t + 6. Determine i(o).
6
Let j(n) be the third derivative of -n**5/60 + 7*n**4/24 - n**3/2 - 115*n**2. Suppose l - 6*l = 5*v - 35, -2*v + 17 = 5*l. Determine j(v).
3
Let a(b) = 31 - 2*b - 17 - 54 + 31. Let z be (-1)/(-2)*1*-14. What is a(z)?
5
Let z(r) = r**2 + 2 + 2*r**3 + 4*r + 8*r - 5 - 15*r. Determine z(-2).
-9
Let o(r) be the third derivative of r**4/24 - 7*r**3/3 + 93*r**2. Determine o(6).
-8
Let x(o) = o**3 + 5*o**2 + 2*o - 5. Suppose -472*k = -470*k + 8. Give x(k).
3
Let v = -7 - -10. Suppose -v*t - 4 = 2. Let a be t*1 + 7 + -5. Let n(y) = y**3 - y - 4. Determine n(a).
-4
Let g(c) = -4*c**2 - 8*c + 8. Let s(p) = 4*p**2 - 9*p - 5*p**2 - 4*p**2 + 9. Let m(a) = 6*g(a) - 5*s(a). What is m(4)?
7
Let h(p) = -p + 2*p + p - 3*p. Suppose -5*s + 4 + 21 = 0. Suppose 27 = s*l + 2. Calculate h(l).
-5
Suppose 35 = 5*l + 2*q + 5, -4*l - 4*q + 24 = 0. Let c(j) = -7*j**2 + 2*j + 1. Let f(d) = -6*d**2 + d + 1. Let v(i) = l*f(i) - 5*c(i). Determine v(-2).
5
Suppose 5*s - 33 - 2 = 0. Let r(w) = w**2 - 6*w - 14. What is r(s)?
-7
Let l(z) = -10 + 13*z**2 + 4*z**3 + 3*z**3 - 7*z - 2*z**3 - 3*z. Let d(j) = 5 + j**2 + j**3 - 4 - 2 + 0*j - j. Let k(r) = -6*d(r) + l(r). Give k(6).
8
Let o(s) = -2*s. Suppose 0 = -0*x - 2*x - 52. Let l = x + 23. What is o(l)?
6
Let d(b) = -b**2 - 3*b - 1. Let c be ((-9)/(-12))/((-7)/56). Let g be 18/c + 0 + 0. Determine d(g).
-1
Let r(g) = -g**2 - 2*g + 3. Suppose -j + 1 = a, -14 = 2*a - 0*j - 2*j. Let l be r(a). Let x(y) = 4*y**3 + y**2 - 2 - 3*y**3 + 4. Calculate x(l).
2
Let l(y) be the second derivative of 0 - 81*y + 0*y**2 - 2/3*y**3. Suppose 0 = 2*w - w - 3. Give l(w).
-12
Let a(b) = -b**2 - 4*b + 4. Suppose 3*c + 5*r = 10, 5*c - r - 3*r = 29. Suppose 3*f + c*m = 7, -2*f - f - 3*m - 3 = 0. Give a(f).
-8
Let p(b) be the third derivative of -b**6/120 - b**5/20 + b**4/24 - b**3/2 - 4*b**2. Suppose -5*z = -4*a + 24, 2*a - 4 + 2 = 0. Let l = z - 0. Give p(l).
9
Let b(v) = 2*v**2 + 1. Let c(o) = -9*o**2 + 4*o + 2. Let t(a) = -4*b(a) - c(a). Determine t(-5).
39
Let t(n) = -n**2 - 6*n - 4. Let h be t(-5). Suppose -o = -3*o + 6. Let s(c) = 4 - o*c**2 - 5 + 3*c**3 + 2*c**2 - c + 2*c. Calculate s(h).
2
Let c be 6 + (-9)/(18/4) + -18. Let q(v) = v**3 + 14*v**2 + v + 10. Give q(c).
-4
Let h(l) = -1 - 11*l**3 - 4*l**2 + 10*l**3 - 3 + 7*l + 6. Calculate h(-5).
-8
Suppose 2*m + 2*h - 23 + 5 = 0, -2*h = m - 14. Suppose 4*n - 3*n + m = 0. Let g(i) = 3*i + 3*i + 94 - i**3 - 3*i**2 - 89. Determine g(n).
-3
Suppose 5*y = 36 - 6. Let f be (-8)/y - 57/(-9). Let c(q) = 7 - 2 - 5*q - f + 1. Determine c(-1).
6
Let z(g) = 4*g**2 - 5*g - 4. Let i be z(4). Let m = i - 38. Let d(h) = -4 + 4*h + 0 + 2. Determine d(m).
6
Let y(r) = -3*r + 1. Suppose 4*n = 35 - 31. Determine y(n).
-2
Let h(k) = 21*k**2 - 2*k + 1. Let i = -255 - -256. Determine h(i).
20
Let d(i) = -9*i**2 + i + 1. Let v(a) be the third derivative of -a**5/60 + a**4/8 + a**3/2 + 12*a**2. Let z be v(4). Give d(z).
-9
Let h(p) = -p**3 + 5340*p - 5345*p + 1 + 5*p**2 + 5. What is h(4)?
2
Let g(n) be the third derivative of n**4/12 - 5*n**3/2 - 15*n**2 - 2. Give g(7).
-1
Let q(l) = -l**3 + 7*l - 7*l**2 - 15*l - 8 + 0*l**3. Suppose 0 = -3*b + 51*b + 288. Give q(b).
4
Let p(h) = -h**2 + 6*h - 3. Let w = 29 - 20. Suppose -4*z = x + w, 0*x - 5*z - 13 = x. What is p(x)?
-10
Let m = 44 + -37. Let n(u) = 5*u**2 + u**3 - 1 - 187*u + m + 187*u. Calculate n(-5).
6
Let l(s) = -s**2 - 10*s - 12. Suppose -2*t + 4*j - 41 = -11, -27 = 3*t + 3*j. Calculate l(t).
-23
Let t(s) be the second derivative of -s**3/6 - 7*s**2/2 - 169*s. What is t(-9)?
2
Suppose 9 - 14 = -5*c. Let n(i) be the first derivative of -i**3 + i**2/2 - 1. Give n(c).
-2
Suppose 2*t = -0*t + 40. Let d = 8 - t. Let a be 3/(-4) - (-3)/d. Let o(x) = 6*x + 1. Calculate o(a).
-5
Let j(m) = -44*m. Let q be 42/(-38) + 272/(-304) + 1. Determine j(q).
44
Let t be (-4)/(-3)*108/24. Let h(n) = -22 + 30 + 5*n - t*n. Determine h(7).
1
Let x be -5 - (-1 + -1) - -4 - 9. Let y(p) = -p**3 - 10*p**2 - 8*p + 11. Give y(x).
-53
Let m(c) = c**3 + 4811*c**2 - 4*c - 4815*c**2 + 0*c**3 - 1. Let s(o) = -o**3 - 2*o**2 - 2*o + 1. Let r be 1/((10/4)/(-5)). Let k be s(r). Determine m(k).
4
Let l(a) = a**2 + 1. Let c(n) = 3*n**2 + 7*n - 6. 